 3. Let j(a) = -7*a**3 - a**2 + 2*a + 3. Let h(g) = -5*j(g) + 6*w(g). What is the tens digit of h(s)?
2
Suppose 3*w = 337 - 94. What is the tens digit of w?
8
Let j = 724 - -93. What is the units digit of j?
7
Let n(x) = 10*x + 14. Let p = -1 - 5. Let s be n(p). Let a = -33 - s. What is the tens digit of a?
1
Let y = 35 - 11. Let v be 272/y*(-3)/2. Let u = v + 34. What is the units digit of u?
7
Let v(k) = -2*k**2 + 21*k + 4. Let i be v(11). What is the tens digit of (-206)/(-8)*(11 + i)?
0
Suppose 5*k + 0*k = -2*o - 69, -o = -3*k - 37. What is the units digit of k*(20/5 + -23)?
7
Suppose -42 = -v - 2*v. Suppose 2*w - 3*i = -16 - 11, 50 = -5*w + 4*i. What is the tens digit of -78*(v/w + 2)?
2
Let v(b) be the first derivative of b**4/4 + 10*b**3/3 + 5*b**2 + 12*b + 4. Let q be v(-9). Suppose 0 = -2*i + q*i - 4. What is the units digit of i?
4
Suppose -2*j = -5*j - 5*f + 1294, -j + 2*f = -446. What is the units digit of j?
8
Let m = 65 - 63. Suppose -2*z = -z + 5*l + m, 5*z - l = 120. What is the units digit of z?
3
Let d = 265 - -2677. What is the hundreds digit of d?
9
Suppose 5*r + 16*z - 18*z = 14149, -z + 8496 = 3*r. What is the tens digit of r?
3
Let c(d) = -d**3 + 35*d**2 - 51*d + 47. What is the tens digit of c(33)?
4
Suppose 0*k - 2*m = 2*k - 1394, -5*k + 3457 = -2*m. What is the units digit of k?
3
Let f = -10 + 2. Suppose c + 27 = 56. Let d = f + c. What is the tens digit of d?
2
Let x(p) = -315*p + 305. What is the units digit of x(-6)?
5
Suppose -4*d - 2*v + 12358 = 0, 0 = -3*v + 46 - 37. What is the tens digit of d?
8
Suppose 4*h + 0*h = 4. Suppose a = 6 - h. Suppose -a*l + 0*l + 255 = 0. What is the tens digit of l?
5
Let o = 222 - 379. What is the tens digit of (o + 9)/(1 + -3)?
7
Let d be -2*4*(-36)/(-8). Let z = d + 73. What is the tens digit of z?
3
Let n be (-3 - 0) + 9 + -3. Let y be n/6*(6 - 6). Suppose 2*v - 4*t - 68 = 0, 4*v + 3*t = -y*t + 136. What is the tens digit of v?
3
Let b be 3/6*8 + -36. What is the tens digit of 2*4/8 - b?
3
Suppose 2*u + u = 12. Let f be (-54)/(-3 + 0)*30/12. Suppose -f = -u*h + 23. What is the tens digit of h?
1
Let x(c) = 808*c + 91. What is the hundreds digit of x(2)?
7
Let f = -9 + 3. Let h be (-11015)/25 + 2/(-5). What is the units digit of (2/3)/(f/h)?
9
What is the tens digit of 23/(-69) + 3860/6?
4
Let b(x) = -x**3 + 14*x**2 - x + 22. Let m be b(14). Suppose 666 + 1534 = m*w. What is the units digit of w?
5
What is the thousands digit of 16/56 + (-7194)/(-7)?
1
Suppose 0 = 71*y - 76*y + 7740. What is the units digit of y?
8
Let y = 23 + -22. Let m(u) = -u**3 + y + 0 + 5 + 9*u**2 + 3*u. What is the units digit of m(9)?
3
Suppose 4*y + 3*o + 0*o - 1046 = 0, o + 791 = 3*y. What is the hundreds digit of y?
2
Let q(n) be the first derivative of n**3/3 + n**2/2 + 5*n - 9. Let i = -10 + 5. What is the tens digit of q(i)?
2
Let h = -292 - -641. What is the units digit of h?
9
Let n = 745 - -114. What is the tens digit of n?
5
Let a(z) = z - 1. Let y(q) = 11*q + 5. Let h(c) = -4*a(c) + y(c). What is the tens digit of h(3)?
3
Suppose 4*h + 0 = 4*m + 8, -8 = -m - h. Let x be 3/2 + m/2. Suppose -x*g + 89 = -10. What is the tens digit of g?
3
Let i(u) = 332*u**2 - 8*u - 1. What is the units digit of i(-2)?
3
Let j be (-2)/12*-1 - (-8146)/12. Suppose 3*d - j = -4*i, -3*i - 704 = -4*d + 243. What is the tens digit of d?
3
Let v(a) = -6*a**2 + 13*a + 11*a + 7*a**2 - 8*a + 8. What is the tens digit of v(-19)?
6
Suppose -z - 10 = 19. Let w = z - -27. What is the tens digit of w + 16 - (2 - 5)?
1
Suppose 5*t + 68 + 562 = 2*x, 0 = 2*x + 2*t - 602. Suppose -15*m + 235 = -10*m. Suppose m = 8*r - x. What is the units digit of r?
4
Suppose 0 = -m + 2*q - 45, 3*m + 46 = q - 79. Let h be 6/(12 - 6) + (-17)/1. Let s = h - m. What is the units digit of s?
5
Let t = 6288 + -2504. What is the tens digit of t?
8
Let o(b) = 10*b + 3 - 5 - 28*b - 14*b. Let g be o(-9). What is the tens digit of (2/4)/(11/g)?
1
Let y(r) = -r**3 + 6*r**2 - 2*r - 3. Let t be y(4). Let o be (-4)/(-14) - (-237)/(-21). Let m = t + o. What is the tens digit of m?
1
Suppose 0*l = -l + 5*g + 478, -4*l + 1996 = g. What is the tens digit of l?
9
Suppose -3*z = -0*z, 0 = -3*c + 5*z - 30. What is the units digit of 76/c*(3 - (-33)/(-6))?
9
Suppose -597 = -2*y + 1921. What is the tens digit of y?
5
Let o(k) = -k + 1. Let f be o(-9). What is the units digit of 5*4/f - -37?
9
What is the thousands digit of 11516/8 + (-1 - 3/6)?
1
Let o be (-1*(-8)/(-3))/(4/(-102)). Suppose 672 = 4*j - o. What is the units digit of j?
5
Let h = 2 + -2. Suppose h = w - 3*w + 6. Suppose -2*d = 4*g - 52, -2*g + 3*g + 78 = w*d. What is the units digit of d?
6
Let y be (32/(-10))/((-6)/30). Suppose -5*c = -c - y. Suppose -119 - 61 = -c*h - 5*o, h + 2*o = 45. What is the tens digit of h?
4
Let c = -5088 - -9094. What is the units digit of c?
6
Let q = 132 + 1184. What is the hundreds digit of ((-16)/(-20))/(q/(-660) - -2)?
1
What is the units digit of (-1 - (-964)/16)*(43 + -15)?
9
Let o(n) = 110*n**2 + 28*n + 93. What is the tens digit of o(-3)?
9
Suppose -g + 4247 = 3*h, 3*g + 6184 - 18937 = -3*h. What is the hundreds digit of g?
2
Let c(b) = b - 3. Let l be c(5). What is the tens digit of l/(-8) - 333/(-4)?
8
Suppose 13 = -y + 2*s, 3*y - 2*s + 24 = s. Let q be (-1 - y)*2/(-4). What is the tens digit of ((-24)/(-32))/(q/(-24))?
1
Let g = 983 + -979. Suppose 3*v - 308 = -n + 5*n, 5*n + 510 = 5*v. Suppose v + 32 = g*t. What is the tens digit of t?
3
Let o be (0 - 3)/3 - -9. Suppose -4*l = -o*l + 20. What is the units digit of (-46 + (-15)/l)*-1?
9
Suppose 4*v - 613 = 335. Suppose -r - 2*u + 57 = 0, -6*r + 2*r + u + v = 0. What is the units digit of r?
9
Let p = 1891 + -980. What is the hundreds digit of p?
9
Suppose 2*l - 2 = -12, 0 = 3*y + 2*l - 2366. What is the units digit of y?
2
Suppose 5*i + u - 7265 = 0, -4*i + 42*u + 5826 = 40*u. What is the tens digit of i?
5
Let v(a) = 250*a + 369. What is the units digit of v(7)?
9
Suppose -2*j = -l - 637 - 1317, 4*j - l - 3906 = 0. What is the units digit of j?
6
Let h(z) = 6*z + 1. Let j(o) = -o**2 - 14*o - 3. Let m be j(-13). Let g be h(m). Suppose g = 4*v - 55. What is the tens digit of v?
2
Suppose 4*d - 3*y - 3333 = 0, 0*y - 4 = -4*y. What is the units digit of d?
4
Let a(z) = -z**2 + 7*z - 6. Let o be a(5). Let s(g) = -2 + 6 - g + o*g**2 - 3. What is the tens digit of s(-2)?
1
What is the units digit of (-120)/(-720) - (-17758)/12?
0
Let j = 4564 + -2581. What is the tens digit of j?
8
Let r(h) = -2*h**2 + h + 5. Let b be r(-6). What is the tens digit of (3 + (-15)/3)/(2/b)?
7
Let q be (-266)/(-63) + (-2)/9. Suppose -59 = -q*h - 5*k, 0 = h + 3*h - 4*k - 104. What is the units digit of h?
1
Suppose 2*g + 3*t = 5*t + 6, 4*t - 42 = -5*g. Let o(z) = g - 10*z**2 - 2 + z**3 - 6 + 9*z + 6. What is the units digit of o(9)?
4
Let k(z) = -4*z**2 + 9*z**2 - 210 + 192 - z**3 + 5*z. What is the units digit of k(5)?
7
Let c = 21 + -21. Let j(y) = 2*y + 63. What is the units digit of j(c)?
3
Suppose 0 = 3*n + 2*t - 0*t + 1, 3 = -4*n - t. Let g(h) = 79*h**2. What is the tens digit of g(n)?
7
Suppose 5*a + 1 = -2*o - 0*a, -3*o + 61 = -5*a. Suppose -5*f = -p + 23, 4*f = 4*p - 16 - o. Let h = p + 4. What is the units digit of h?
7
Suppose l - 37 = -21. What is the units digit of l?
6
Suppose 2*o = -14*k + 13*k + 793, -2*o = 5*k - 3957. What is the units digit of k?
1
Let s(g) = 28*g + 65. What is the hundreds digit of s(11)?
3
Suppose -1379 = -3*x - 2*l, -3*x - 4*l + 1179 = -208. What is the tens digit of x?
5
Let o(t) = -26*t - 3. Let z(v) = -52*v - 5. Let d(u) = 5*o(u) - 3*z(u). What is the tens digit of d(1)?
2
Let y(u) = -u**2 - 11*u - 5. Let l(c) = -c**3 + 14*c**2 - 14*c + 19. Let w be l(13). Let i be w/(-27) + 170/(-45). What is the tens digit of y(i)?
2
Suppose -5*k - 10735 = -4*a - a, 0 = -4*a + 5*k + 8590. What is the tens digit of a?
4
Let c(p) be the third derivative of 23*p**4/24 + 31*p**3/6 - 3*p**2. What is the hundreds digit of c(6)?
1
Let a = 390 + -224. What is the hundreds digit of a?
1
Let x(m) = -4*m**3 + m**2 - 3. Let j be x(3). Let l be (-338)/(-17) - 12/j. Suppose -18*a + l*a - 68 = 0. What is the tens digit of a?
3
What is the hundreds digit of 3*4/(-8)*2 - -169?
1
Let m(y) be the third derivative of -5*y**4/4 - y*